45
Let a(y) = -69*y + 1. Let i be a(-1). Let t be ((-22)/8)/11 + (-1312)/(-128). Calculate the greatest common factor of t and i.
10
Let n(i) = 1754*i + 638. Let t be n(2). Calculate the highest common divisor of 18 and t.
6
Suppose -k = -5*r + 701, -2*r = 14*k - 13*k - 279. Let w be r + (-13)/((-104)/(-16)). What is the highest common divisor of 6 and w?
6
Let l = -49 + 54. Let b be 2/5 + (108/l)/6. Let g be 86 + (2 - b)*1. What is the greatest common factor of 12 and g?
12
Let v be ((-24)/(-5))/(2941/(-425) - -7). What is the greatest common divisor of 315 and v?
15
Let t be 0 - -94 - (12 - 10). Let a be (t + -126)/((-2)/10 + 0). What is the greatest common factor of 10 and a?
10
Suppose 3*t + 38 - 155 = 0. Suppose i - 39 - t = 0. What is the greatest common divisor of i and 117?
39
Let d be (9/(-5))/((273/1105)/(-7)). Let p = 154 - 86. Calculate the greatest common divisor of d and p.
17
Suppose -t = -4*t. Suppose t = -3*d - 11 + 185. Suppose -729 = -5*i - 2*y, 38*y - 37*y = 5*i - 723. What is the highest common factor of i and d?
29
Let z be ((-24)/26)/((-1860)/64480). What is the greatest common divisor of z and 2?
2
Let f be (-3)/(-9) + (-112)/21. Let p(w) = w**2 + 7*w + 12. Let r be p(f). Suppose 6 = 4*o - r. What is the highest common factor of 12 and o?
2
Suppose 2*m + 3*b - 431 = 0, -2*m - 4*b + 562 = 124. Calculate the greatest common factor of m and 20.
5
Let b = 13 + 39. Let f = -9296 - -9439. What is the highest common factor of f and b?
13
Suppose 4*g + 5*s + 6 = 3, 2*g = 3*s - 29. Let c be g/(273/(-6)) - 76/(-13). Let h be (84/(-15))/(c/(-75)). Calculate the highest common divisor of h and 14.
14
Let u(p) be the third derivative of -p**6/120 + 11*p**4/24 + 7*p**3/6 + 203*p**2. Let j be u(-7). Calculate the highest common factor of j and 117.
39
Let s be (168/7)/(4 - 26/8). Calculate the highest common divisor of 428 and s.
4
Let r = 20 - 23. Let p be 2/(5/(-2) - r). Suppose p*x - 2 = 82. Calculate the greatest common factor of 3 and x.
3
Let z(o) = 1345*o**2 + o**3 + 33*o - 708*o**2 - 84 - 668*o**2. Let c be z(30). What is the greatest common divisor of c and 21?
3
Let c(o) = 171*o + 5356. Let x be c(-31). Calculate the greatest common divisor of 55 and x.
55
Let s be ((-18)/(-4))/((-20)/(-480)). Let h = s - 58. What is the greatest common factor of 10 and h?
10
Let q(n) = -2*n**3 - 30*n**2 - 90*n. Let r be q(-11). What is the greatest common factor of 22 and r?
22
Let y be (408/(-28))/((-4471)/7854 - 12/(-22)). Calculate the greatest common factor of y and 114.
6
Let a(n) = n**3 - 39*n - 2. Let x be a(-6). Let z(h) = -3 + h - 3 + 3*h**2 + 0. Let c be z(2). Calculate the highest common factor of x and c.
8
Suppose -2*b + 42 + 4 = 0. Suppose 412 = 11*s + 335. Let f(x) = x**3 - 6*x**2 + 17*x - 7. Let w be f(s). Calculate the greatest common divisor of b and w.
23
Suppose n - y - 83 = 0, -2*n + 121*y = 126*y - 173. What is the highest common factor of n and 273?
21
Let g be (-766)/(-5) - 1/5. Suppose 12 = 2*o + 2*o, -g = -5*d - o. Suppose 2*t = -2*k + d, -3*t + 43 = 5*k - 4. What is the highest common factor of 49 and t?
7
Let u = 13 - 10. Let i be 651/231 + (-4)/(-22). Calculate the greatest common factor of u and i.
3
Suppose 0 = 3*z - 32*a + 34*a - 959, -871 = -3*z - 13*a. What is the highest common divisor of z and 845?
65
Suppose 5*u - 71 + 951 = -2*a, 0 = 3*u - 4*a + 528. Let d(v) = -108*v - 4. Let h be d(-3). Let k = u + h. What is the greatest common factor of 16 and k?
16
Let c(d) = -d**2 + 10*d - 6. Let y be c(4). Let h = 193 - 188. Suppose 0*o = h*o + k - 632, 0 = -2*o - 3*k + 258. What is the greatest common factor of o and y?
18
Let j = 4434 + -3329. Calculate the greatest common factor of 510 and j.
85
Let b = -236 - -547. Suppose 12 = 4*g, 5*y - 30*g + 27*g - b = 0. Calculate the highest common factor of 32 and y.
32
Suppose -2080 = -4*t + 4*z, -18 = -42*z + 45*z. What is the greatest common divisor of t and 35209?
257
Suppose 1967 - 161699 = -54*k. What is the highest common factor of 261 and k?
87
Suppose 296336 + 1885714 = 393*y - 2390505. Calculate the highest common divisor of y and 130.
65
Suppose -270*p + 269*p = -752. Calculate the greatest common divisor of 470 and p.
94
Let x(t) = -2*t**3 - 18*t**2 - 41*t - 16. Let r be x(-6). Calculate the greatest common divisor of r and 86.
2
Let p(m) = -3*m - 5. Let f be p(-3). Suppose 29 = 5*z + f. Suppose 0 = -5*y + 4*b + z, b - 6*b = -2*y + 2. What is the greatest common factor of y and 3?
1
Let x(g) = 24*g**3 - 12*g**2 + 204*g - 1280. Let j be x(8). What is the greatest common factor of 560 and j?
112
Suppose 630 + 42 = 8*q. Suppose q*o = 74*o + 910. Let n(r) = 2*r**2 - 3*r - 1. Let m be n(-3). What is the greatest common factor of o and m?
13
Suppose 0 = -2*y - 0*y - 8. Let p be -113*3/((-4)/y). Let w be (-1 + p/(-9))/((-2)/(-6)). Calculate the greatest common divisor of w and 44.
22
Suppose 3*t - 3 = 33 - 3. Calculate the highest common factor of 2519 and t.
11
Suppose 232*p = 1746437 + 1596451. What is the highest common divisor of p and 18?
9
Suppose 12*i = 7*i - 1515. Let j = 67 - i. What is the greatest common factor of 222 and j?
74
Let g be (-6)/(-9) - (-2289)/9. Let u = g - 155. Calculate the highest common factor of u and 550.
50
Suppose -y + 1 = -29. Let j(k) = -2*k**3 + k. Let z be j(-1). Let d be 2 - 2*(z - 3). Calculate the greatest common divisor of y and d.
6
Suppose 50*q - 43*q = 21. Suppose -w + q*c + 140 = 0, 0 = w + 20*c - 21*c - 132. Calculate the greatest common divisor of w and 288.
32
Let c = 333 + 0. Suppose -3*o - 258 = -c. Let v = 491 + -291. What is the highest common divisor of o and v?
25
Suppose 5*z = -3*t + 30, 5*z - t - 16 = -6. Let q be (-10)/2 + -4*(-4 + z). Let i be 2*(-2)/4*(q - 4). What is the greatest common divisor of 55 and i?
5
Let k be 3/(-2 - -5)*3. Suppose 3*m = -2*o + 13, 4*o - 3*o - 8 = -k*m. What is the greatest common factor of o and 80?
5
Let l be 23*(-1)/(-5) - (-10)/25. Suppose -l*n + 10*n = 10. Suppose -2*v - n*c - 4 = -2, 2*v - 2*c - 10 = 0. Calculate the highest common divisor of v and 1.
1
Let c = -15 + 13. Let h be (54/(-10) + 3)*85/c. Let m(d) = 9*d - 2. Let o be m(4). Calculate the highest common divisor of o and h.
34
Suppose -m + 378 = 3*y, 60*y - 386 = -m + 59*y. Calculate the greatest common factor of m and 14170.
130
Suppose 2*m - 10 = 164*u - 162*u, -5*u + 19 = -m. What is the highest common divisor of m and 315?
1
Suppose 4*d = 3*t - 11666, 4*t - 15116 = 4*d + 440. What is the greatest common divisor of t and 10?
10
Let c be ((-9)/(-5))/((-234)/(-8580)). Calculate the highest common divisor of c and 330.
66
Suppose 8 = 3*k - 2*k - 3*q, -q = -4*k + 10. Let d be 5/(6 - k - 3). Suppose 10 = -d*h + 6*h. Calculate the highest common divisor of 40 and h.
10
Let z = -19528 - -24584. Calculate the greatest common factor of 192 and z.
64
Suppose -l = 12*b - 16*b, 3*l = -2*b. Suppose b = -2*i - 3 + 45. Calculate the greatest common divisor of i and 399.
21
Let r be 4/3*(10 + (-36 - -998)). Calculate the greatest common divisor of r and 240.
48
Suppose 4*l + 5 = i + 3*l, 0 = 2*i + 2*l + 2. Let b be (-63)/i*(-15 - -11). Let u = -8 + 26. Calculate the highest common factor of b and u.
18
Suppose 42*l - 43*l = -45. Let w be 4/((-4)/(-5))*1. Suppose -w*x = -2*b - 20 + 71, 2*b + 2*x - 30 = 0. Calculate the highest common divisor of l and b.
9
Let j(s) = -s**3 - 55*s**2 - 125*s - 857. Let o be j(-53). Let l = 417 - 297. What is the highest common divisor of l and o?
30
Let s be (-4)/18 + -16*2737/(-153). Let y be (-392)/(-3) + 2/(-3). Calculate the highest common factor of y and s.
26
Let a(r) = r**2 - 4*r + 24. Suppose -175 = -24*k + 41. Let j be a(k). Calculate the greatest common divisor of j and 161.
23
Let b = -828 - -1719. What is the highest common divisor of b and 22?
11
Suppose -5*i - 3*t + 107 = -t, 100 = 4*i - 2*t. Suppose 896 = i*u - 15*u. Calculate the greatest common factor of 16 and u.
16
Let m(u) = -u + 31. Let b be m(22). Suppose -5*l = 3*h - 30, 3*l + b = -4*h + 60. What is the greatest common divisor of 75 and h?
15
Let i = 297 - 296. Let q(o) = o**2 - 3*o - 5. Let a be q(-2). Suppose 3*g - 4*u - u = -2, -a*u = -4*g - 1. Calculate the greatest common factor of g and i.
1
Let z = 8 - 6. Let n b